at is 11001101 - -101001001?
1000010110
In base 12, what is 1a784 - 0?
1a784
In base 3, what is 1001100 + 1200211?
2202011
In base 9, what is 26 - -21217?
21244
In base 4, what is -220130210 + -1?
-220130211
In base 7, what is -145 - -1516?
1341
In base 8, what is 2 - 22755?
-22753
In base 3, what is 2120011 - 1020?
2111221
In base 14, what is 1 - -981d?
9820
In base 3, what is -20200 + 202200?
112000
In base 16, what is -3 + -2abf?
-2ac2
In base 6, what is 4 + -5202243?
-5202235
In base 16, what is -4 + 1fec?
1fe8
In base 10, what is 7 - 14799?
-14792
In base 5, what is 1243 + 1114?
2412
In base 4, what is -21023020 + 10?
-21023010
In base 7, what is -126 + -6352?
-6511
In base 16, what is -69a + -247?
-8e1
In base 11, what is 60086 - -6?
60091
In base 7, what is -13 - 120030?
-120043
In base 13, what is 43a - -7?
444
In base 7, what is 54 + -501?
-414
In base 15, what is -3 + 24a?
247
In base 2, what is -11011 + 10100100001101001?
10100100001001110
In base 12, what is 307 - b79?
-872
In base 14, what is -325c - -3?
-3259
In base 12, what is 3 - 6659?
-6656
In base 5, what is -30233322 - -2?
-30233320
In base 10, what is 515 - -32?
547
In base 11, what is 4 + -8595?
-8591
In base 6, what is -101 + -430021?
-430122
In base 10, what is 12257 - -183?
12440
In base 3, what is -10012 - -212012000?
212001211
In base 5, what is 420132132 + 0?
420132132
In base 14, what is 2a1 + 33?
2d4
In base 16, what is 2 + -674b?
-6749
In base 14, what is -4394 + -7?
-439b
In base 6, what is -115044 - 24?
-115112
In base 2, what is -1101010011001111 + -100?
-1101010011010011
In base 10, what is 0 - -38378?
38378
In base 9, what is -5 + 546278?
546273
In base 16, what is 104 + 579?
67d
In base 7, what is 1631 + -2043?
-112
In base 12, what is -63b95 - 13?
-63ba8
In base 10, what is 8831 - -6?
8837
In base 2, what is 1100011000 - 111100?
1011011100
In base 9, what is -520 - -26?
-483
In base 3, what is -100210102 + -202221?
-101120100
In base 11, what is -86 + 765?
68a
In base 16, what is 2298a - -e?
22998
In base 15, what is 3a6ae + 0?
3a6ae
In base 4, what is -2212 - -103032?
100220
In base 7, what is 63352 + -4?
63345
In base 13, what is -150 - -254?
104
In base 5, what is 21222314 - -11?
21222330
In base 10, what is -10 + 56494?
56484
In base 11, what is -261 + 275?
14
In base 11, what is 12838 + 2?
1283a
In base 6, what is -1412521 + -13?
-1412534
In base 5, what is -3202 + -112033?
-120240
In base 6, what is -2 + 15003?
15001
In base 16, what is -b - -4b1?
4a6
In base 16, what is -4 + 2de9?
2de5
In base 13, what is -4ca + -631?
-b2b
In base 15, what is 3798 - -3?
379b
In base 11, what is 6 + -7785?
-777a
In base 2, what is -1 + -100110111001001111?
-100110111001010000
In base 5, what is -20144031 - 0?
-20144031
In base 7, what is 623504 - -2?
623506
In base 15, what is -5e3 + -2?
-5e5
In base 4, what is 2321223 - 10?
2321213
In base 9, what is -4 - 241?
-245
In base 7, what is -312362 - 2?
-312364
In base 3, what is -100 - 22102002?
-22102102
In base 2, what is -1 + -11100010101?
-11100010110
In base 9, what is 165683 - -17?
165711
In base 7, what is 2 - -154463?
154465
In base 15, what is 44 + -aae?
-a6a
In base 5, what is 1 + -232002?
-232001
In base 16, what is -49 + 1aa?
161
In base 9, what is -58 + 177?
118
In base 8, what is 5057 - 163?
4674
In base 8, what is 21734 + -30?
21704
In base 2, what is -1 + 1010000100101?
1010000100100
In base 6, what is -10 + 43402?
43352
In base 4, what is 102023 + -220013?
-111330
In base 16, what is 25 + -1c2cc?
-1c2a7
In base 6, what is -2151 - -11123?
4532
In base 4, what is -103 - -1001110?
1001001
In base 6, what is -2 - 35513?
-35515
In base 10, what is -16 - 6989?
-7005
In base 10, what is -4 + 28880?
28876
In base 10, what is -10 - 466726?
-466736
In base 4, what is 31131113 - 12?
31131101
In base 16, what is 316 + 95?
3ab
In base 13, what is -5 + a493?
a48b
In base 14, what is -b - -15d?
152
In base 16, what is -6f - 9f4?
-a63
In base 6, what is 22 + -32110?
-32044
In base 13, what is 41711 - 7?
41707
In base 12, what is -13145b9 - -1?
-13145b8
In base 4, what is -2212211312 + 2?
-2212211310
In base 15, what is 16e - -6e?
1dd
In base 9, what is 1143 - -122?
1265
In base 3, what is -11 + 1102112002?
1102111221
In base 8, what is 100061 - -1?
100062
In base 7, what is 232 + 16243?
16505
In base 9, what is -21806 + 5?
-21801
In base 15, what is 1 - -14338?
14339
In base 14, what is -385 - -3a?
-349
In base 6, what is 2 + 411204?
411210
In base 16, what is 8a7 + -6?
8a1
In base 16, what is 1544 + -2?
1542
In base 3, what is -10111 + -2212020?
-2222201
In base 5, what is 133323201 + 10?
133323211
In base 10, what is -1229 - 1246?
-2475
In base 7, what is 15 + 26223?
26241
In base 11, what is -233 + 47?
-197
In base 3, what is -11 + -111000122?
-111000210
In base 6, what is -11 + 430?
415
In base 6, what is -42533213 - 3?
-42533220
In base 16, what is 76bd - 2b?
7692
In base 9, what is -672 + -748?
-1531
In base 9, what is 1333178 - 3?
1333175
In base 6, what is -21304 - 42?
-21350
In base 14, what is -6517 + 0?
-6517
In base 8, what is -54 - 476?
-552
In base 2, what is -11101110001010110 - -10010?
-11101110001000100
In base 15, what is 4c + -18bb4?
-18b67
In base 13, what is -ab7 - 15?
-acc
In base 16, what is -16 - -5e6?
5d0
In base 9, what is 76 + -382?
-305
In base 3, what is -101 - -2200210212?
2200210111
In base 6, what is -11 + 21405312?
21405301
In base 2, what is -100101110 - -10111000000100?
10110011010110
In base 5, what is -4 - 1031414?
-1031423
In base 13, what is 289c1 - 4?
289ba
In base 16, what is -2b48 - -5?
-2b43
In base 9, what is 260 + -283?
-23
In base 12, what is -1007 + 105?
-b02
In base 11, what is -5 - 118a?
-1194
In base 10, what is -56 + 369?
313
In base 3, what is 201 - -112121?
120022
In base 8, what is -73 - -1124?
1031
In base 12, what is 19 - -18177?
18194
In base 5, what is 13 - 4440314?
-4440301
In base 2, what is 111001101010011 + -10011000?
111001010111011
In base 12, what is 86a32 - 16?
86a18
In base 6, what is 553402 + 43?
553445
In base 11, what is -23 + -66?
-89
In base 13, what is -95 + 13c?
77
In base 14, what is 1 + 16d849?
16d84a
In base 7, what is 4 - -164162?
164166
In base 13, what is 4 + a382?
a386
In base 4, what is -103312213 - 1?
-103312220
In base 11, what is -2280 - -10?
-2270
In base 8, what is 3514 - 1450?
2044
In base 12, what is -4 - -1972b?
19727
In base 16, what is -75 + -2d2?
-347
In base 2, what is -11011 - 101101001110?
-101101101001
In base 7, what is 1101 - -1506?
2610
In base 14, what is 25 - -1bc3?
1c08
In base 7, what is -522 - -24?
-465
In base 4, what is 22322 + 3?
22331
In base 13, what is -c6b - -6b?
-c00
In base 12, what is -1 + -11306a?
-11306b
In base 5, what is -304 - 31213?
-32022
In base 3, what is 0 - -1112210021121?
1112210021121
In base 3, what is 201010102012 - -2?
201010102021
In base 3, what is -21011210112 - 212?
-21011211101
In base 13, what is -4 - -7113?
710c
In base 6, what is 2 + -543505?
-543503
In base 13, what is 898 + 20c?
aa7
In base 11, what is 71 - 2867?
-27a6
In base 3, what is 201111222012 - 11?
201111222001
In base 2, what is -11 + -1001111111100011110?
-1001111111100100001
In base 5, what is -12 + 1401313?
1401301
In base 5, what is 3 + 22024011?
22024014
In base 9, what is 1 + 12517?
12518
In base 5, what is 210133 + -10?
210123
In base 10, what is -1577 + 375?
-1202
In base 14, what is 0 + 1241a1?
1241a1
In base 3, what is 21 + -11212000?
-11211202
In base 8, what is -563 + 31?
-532
In base 11, what is -a6 - -2145?
204a
In base 9, what is -3 + -74318?
-74322
In base 10, what is -2042 + -26?
-2068
In base 14, what is 1d2d + -1c?
1d11
In base 6, what is 101425 + 11?
101440
In base 11, what is 1 + -13990?
-1398a
In base 5, what is 13013 - -24?
13042
In base 3, what is 21 + -22222001?
-22221210
In base 4, what is -3230112 + -21?
-3230133
In base 6, what is 1025 + 110000?
111025
In base 10, what is 608 - -85?
693
In base 4, what is -203010 - 21?
-203031
In base 14, what is -7da2c + -5?
-7da33
In base 14, what is 3ca - 1142?
-b56
In base 15, what is 5eca + -5?
5ec5
In base 10, what is -10 + 1102?
1092
In base 2, what is -1110011 - -10?
-1110001
In base 2, what is 100011 - -1100001011010?
1100001111101
In base 14, what 